y and 3.
3
Suppose 7*n = -5*i + 3*n + 24, -5*n + 17 = 3*i. Suppose 4*m + 4*k - 176 = 0, -i = -2*k + 2. What is the highest common factor of m and 533?
41
Let f(b) = -b - 1. Let q(a) = -4*a + 16. Let p(i) = -2*f(i) + q(i). Let k be p(-3). Let y be 3*-1*84/(-3). What is the highest common divisor of y and k?
12
Suppose -5*q = -67 + 22. Let s be (-2)/4*(-1)/(q/900). Calculate the highest common factor of s and 10.
10
Let g = -25 + 30. Suppose 0*i = g*i + 60. Let b(d) = d**3 + 12*d**2 - 6*d + 9. Let h be b(i). What is the greatest common divisor of 9 and h?
9
Let v(l) = 2*l**3 + 12*l**2 + 2*l + 16. Let f be v(-6). Suppose -f*s - 5*i + 5432 = 0, -s + 66*i = 63*i - 1375. What is the highest common factor of 29 and s?
29
Let l = -7 + 12. Suppose 0 = 175*q - 6488 - 3140 - 26247. What is the greatest common factor of q and l?
5
Let f = 186 + -156. Suppose -5*c - 5*h + f = 0, -3*c - 2*h + 22 = -0*h. What is the highest common divisor of 215 and c?
5
Let u be -6*((-12)/(-8) - 2). Suppose -200 = -u*d - 50. Let g = -48 + d. Calculate the highest common divisor of g and 14.
2
Let g = 4233 - 3360. Calculate the greatest common divisor of 18 and g.
9
Suppose -2*m + 7*m - 1200 = -4*v, 1200 = 5*m + 3*v. Suppose 5*f + 2 = 12. Let r = f - -28. What is the greatest common factor of r and m?
30
Let z be (-6)/(-27) - ((-31334)/18 + -10). What is the greatest common factor of 206 and z?
103
Let s be 66/(((-6)/15)/(12/45*-3)). What is the highest common factor of 726 and s?
66
Let k be 63/(-6)*1*(-170)/15. Let u = k - 96. What is the greatest common factor of u and 1081?
23
Let c = -57 + 57. Suppose c = 4*k + g + 3*g - 260, -k + 63 = -g. What is the highest common divisor of 128 and k?
64
Suppose u + 2 = w + 3*u, 4*w - 14 = -2*u. Let m be (102/(-85))/(w/(-110)). Let j = m - 27. Calculate the greatest common divisor of j and 18.
6
Let o(n) = -n + 49. Let k be o(44). Suppose -u + k = 5*b, -4*b = -u - 8*b + 8. Calculate the highest common factor of u and 180.
20
Let u be 75/(-25) + (0 - -5). Suppose -2*t - 6*y + u*y = -720, -360 = -t + 5*y. Calculate the greatest common factor of 72 and t.
72
Let f be 5643/27 - (10 + 4). What is the highest common factor of 650 and f?
65
Let j = -428 - -514. What is the highest common factor of j and 1849?
43
Suppose 0 = -4*q + 43 + 53. Suppose -7*f - f + 464 = 0. Let p = 110 + f. Calculate the greatest common factor of q and p.
24
Let i(g) = -48*g - 1018. Let v be i(-23). What is the highest common factor of 7439 and v?
43
Suppose 84*s + 22765 = 100*s + 141*s. Calculate the greatest common factor of s and 5771.
29
Let a(o) = 4*o**2 - 1141*o + 2276. Let h be a(2). What is the highest common divisor of h and 1328?
2
Let f = 28 + -14. Let g be 468288/810 + (1 - (-17)/(-15)). Suppose 37*y - g - 458 = 0. Calculate the highest common factor of f and y.
14
Let b = 356 + -356. Suppose -21*o + 15*o + 48 = b. What is the greatest common factor of 256 and o?
8
Let u(t) = 19*t**2 + 165*t + 14. Let o be u(-12). What is the greatest common factor of 1870 and o?
110
Let s be ((-9)/(-6))/(24/(-16)). Let z be (-178)/((-28)/14) - (s + -3). Calculate the greatest common divisor of 248 and z.
31
Suppose 0 = 425*n - 419*n - 4*k - 902, n + 5*k - 122 = 0. What is the highest common factor of n and 42?
21
Suppose -w - r = -518, 3*w - 4*w + r + 522 = 0. Let p(s) = s**3 + 11*s**2 + 19*s. Let y be p(-8). What is the highest common factor of w and y?
40
Let i be (-3)/(-3)*33*(2 + -9). Let n = 287 + i. Calculate the greatest common divisor of 7 and n.
7
Suppose -4*c + 6*q + 646 = 8*q, 15 = 3*q. Suppose -3*k = -5*b + 157, -5*b - 5*k + c = -6*k. Calculate the highest common divisor of b and 48.
16
Let c be 10*(24/32)/(3/(-10)). Let d be (c - -11)*(-8)/7. Let t = 83 + -43. What is the greatest common factor of d and t?
8
Let v be (-1794)/(-15) - -8 - 2/(-5). Let f be 3*(21/9 - -3). Calculate the greatest common factor of v and f.
16
Suppose 60 = 2*n - n. Let g = 158 - n. Let o = -16 + 30. What is the greatest common divisor of g and o?
14
Let k(j) = -j**3 - 8*j**2 + 52*j + 394. Let q be k(-6). Calculate the highest common divisor of 3830 and q.
10
Suppose 2370 + 5842 = 128*i - 8172. Suppose -z = -1 - 71. Calculate the highest common divisor of i and z.
8
Suppose 73*i + 14*i - 34*i = 348051. Calculate the greatest common factor of 33 and i.
33
Let j be (3168/(-180))/(1/(-15)). Suppose 0 = 11*l - 33*l + j. Calculate the highest common divisor of l and 420.
12
Suppose -c = 7, 2*c + 2158 = -4*m + 2884. What is the greatest common factor of m and 5513?
37
Suppose -5*u + 5*n = 0, u + 44*n = 42*n + 6. Let s(g) = g**2 + 0*g**3 + 0*g**2 + 2*g**3 - g. Let o be s(u). Calculate the greatest common divisor of 18 and o.
18
Let h = 55 + 29. Let p be 476*(-16)/24*(-351)/312. Calculate the greatest common divisor of p and h.
21
Suppose 5*w = -2*k + 107, 2*w - k = -5*k + 30. Suppose 73 - w = 5*q. Calculate the greatest common divisor of 110 and q.
10
Let v = -141 - -176. Suppose -2*k = -10, -5*p - 5*k = -v - 190. Calculate the greatest common factor of p and 100.
20
Let a(c) = -3*c - 11. Let q be a(-4). Let v be q + 3 - 8 - 976/(-1). Suppose 76 = -4*b + v. Calculate the greatest common divisor of b and 28.
28
Let m = 8 + 37. Let l be (2/10)/(((-144)/m)/(-16)). What is the greatest common factor of l and 41?
1
Suppose -6*g - 1 = -31. Suppose 3*w - 10 = w. Suppose -3*l + 4*h + 23 = 0, 2*l = w*l - 5*h - 25. What is the greatest common divisor of l and g?
5
Let h be (16/1)/8 + 834. Let y = -680 + h. What is the highest common factor of y and 24?
12
Let p be (-3830)/(100/(-10)) + 12. Calculate the greatest common factor of p and 79.
79
Suppose 5*o - 2*r - 15 = 0, -o - 5*r + 4 = 1. Suppose 3*j - 28 = -4*w, 5*j - 19 = w + 20. What is the highest common factor of j and o?
1
Suppose -25*u - 17*u + 66150 = 0. Suppose 22*v - u = 11581. What is the greatest common factor of 13 and v?
13
Suppose -5*c + 0*o + 4959 = -o, -997 = -c - 5*o. Suppose 18*j + 20525 = 21083. What is the highest common factor of j and c?
31
Let q(s) = 26*s - 5. Let k be q(4). Suppose 2*t = 13 - 11. Let f = t - -10. What is the greatest common divisor of k and f?
11
Suppose 78*q - 85*q = -50505. Suppose 69*c - 54*c = q. Calculate the highest common factor of c and 74.
37
Let p = -27039 - -33746. What is the highest common divisor of 76 and p?
19
Suppose 127 = -3*d + 637. Let n = 2504 - 2494. Calculate the highest common factor of n and d.
10
Let z(x) = -860*x - 1054. Let h be z(-2). What is the highest common divisor of 36 and h?
18
Let z = -3524 - -7564. What is the highest common factor of 40 and z?
40
Let g be ((-328)/123)/((-8)/6). Suppose -9 + 5 = -2*b. Calculate the highest common divisor of g and b.
2
Let q be (-1 - 2) + 3 + 2. Suppose q*c + 4 = 4*c + 3*p, 4*p = 4*c - 28. Suppose 240 = -b + c*b. Calculate the greatest common divisor of b and 15.
15
Let r be ((-3)/(-6))/(1/458). Suppose -3*x = 17*g - 16*g - 53, 4*g - r = 5*x. What is the greatest common factor of g and 24?
8
Suppose -5*r + 80 = -10. Let l = 6593 - 6395. What is the highest common divisor of l and r?
18
Let i = 515 - 495. Suppose 0 = r - 5*r + 8. Suppose r*w - 9 = 11. Calculate the highest common factor of w and i.
10
Let i be -29 + 584/20 - (8839/(-5) - 3). Calculate the highest common factor of 308 and i.
77
Let d(l) = -l**3 - 7*l**2 - 12*l - 12. Let k be d(-5). Let n be (6 - 3) + k + 8. Let j be (-29)/(-3) + 4/(-6). What is the highest common factor of n and j?
9
Suppose -6*f - 276 = -3*f. Let n = f + 106. Suppose -n*b + 10 = -9*b. Calculate the highest common divisor of 10 and b.
2
Let s be (84/98)/((-1)/(-7)). Suppose s*u - 655 = 905. What is the highest common divisor of 20 and u?
20
Let z be 18/(-297) - (-160818)/693. What is the highest common divisor of 312 and z?
8
Suppose -6*z = -660 + 174. What is the highest common divisor of z and 57?
3
Suppose -8147 - 2083 = -1023*d. Let p = -282 - -892. Calculate the highest common divisor of p and d.
10
Suppose 20*a - 27*a = -49. Let d(b) = -b + 13. Let u be d(10). Suppose 2 = 5*i - u. What is the highest common factor of i and a?
1
Let b(o) = -o**2 - 15*o - 13. Let a(l) = l**2 + 15*l + 12. Let j(y) = 4*a(y) + 5*b(y). Let q be j(-7). What is the highest common divisor of 273 and q?
39
Let x(r) = r**3